{"id":4691,"date":"2022-08-30T15:02:21","date_gmt":"2022-08-30T15:02:21","guid":{"rendered":"http:\/\/192.168.0.102\/douanes-cameroun\/?page_id=4691"},"modified":"2022-10-31T10:09:43","modified_gmt":"2022-10-31T10:09:43","slug":"publications-2","status":"publish","type":"page","link":"http:\/\/www.douanes.cm\/douanes-cameroun\/en\/publications-2\/","title":{"rendered":"Publications"},"content":{"rendered":"\t\t<div data-elementor-type=\"wp-page\" data-elementor-id=\"4691\" class=\"elementor elementor-4691\">\n\t\t\t\t\t\t\t\t\t<section class=\"elementor-section elementor-top-section elementor-element elementor-element-ed2a457 elementor-section-full_width elementor-section-height-default elementor-section-height-default wpr-particle-no wpr-jarallax-no wpr-parallax-no wpr-sticky-section-no\" data-id=\"ed2a457\" data-element_type=\"section\">\n\t\t\t\t\t\t<div class=\"elementor-container elementor-column-gap-default\">\n\t\t\t\t\t<div class=\"elementor-column elementor-col-100 elementor-top-column elementor-element elementor-element-45efabc\" data-id=\"45efabc\" data-element_type=\"column\">\n\t\t\t<div class=\"elementor-widget-wrap\">\n\t\t\t\t\t\t\t\t\t<\/div>\n\t\t<\/div>\n\t\t\t\t\t\t\t<\/div>\n\t\t<\/section>\n\t\t\t\t<section class=\"elementor-section elementor-top-section elementor-element elementor-element-4c73ed4 elementor-section-full_width elementor-section-height-default elementor-section-height-default wpr-particle-no wpr-jarallax-no wpr-parallax-no wpr-sticky-section-no\" data-id=\"4c73ed4\" data-element_type=\"section\">\n\t\t\t\t\t\t<div class=\"elementor-container elementor-column-gap-default\">\n\t\t\t\t\t<div class=\"elementor-column elementor-col-100 elementor-top-column elementor-element elementor-element-032b3ae\" data-id=\"032b3ae\" data-element_type=\"column\">\n\t\t\t<div class=\"elementor-widget-wrap elementor-element-populated\">\n\t\t\t\t\t\t\t\t<div class=\"elementor-element elementor-element-2481a6d elementor-widget elementor-widget-transida_our_services_v3\" data-id=\"2481a6d\" data-element_type=\"widget\" data-widget_type=\"transida_our_services_v3.default\">\n\t\t\t\t<div class=\"elementor-widget-container\">\n\t\t\t\t \t\n                \n        <!-- Servcies section two -->\n        <section class=\"services-section-two mx-30\">\n            <div class=\"auto-container\">\n                <div class=\"row\">\n                    <div class=\"theme_carousel owl-theme owl-carousel\" data-options='{\"loop\": true, \"center\": false, \"margin\": 0, \"autoheight\":true, \"lazyload\":true, \"nav\": true, \"dots\": true, \"autoplay\": true, \"autoplayTimeout\": 6000, \"smartSpeed\": 1000, \"responsive\":{ \"0\" :{ \"items\": \"1\" }, \"600\" :{ \"items\" : \"1\" }, \"768\" :{ \"items\" : \"1\" } , \"992\":{ \"items\" : \"1\" }, \"1200\":{ \"items\" : \"2\" }}}'>\n                                                <div class=\"service-block-two\">\n                            <div class=\"inner-box\">\n                                \n\t\t\t\t\t\t\t\t<div class=\"row clearfix\">\n                                    <div class=\"col-xl-5 col-md-12 col-sm-12 col-sm-12\">\n                                        <div class=\"image-box\" style=\"background-image:url( http:\/\/www.douanes.cm\/douanes-cameroun\/wp-content\/uploads\/2022\/08\/Camcis-13-2.jpg );\">\n                                            <div class=\"icon\"><img src=\"\" alt=\"\"><\/div>\n                                        <\/div>\n                                    <\/div>\n                                    <div class=\"col-xl-7 col-md-12 col-sm-12 col-sm-12\">\n                                        <div class=\"content\">\n                                            <h4>Administration des Douanes vers une utilisation accrue des donn\u00e9es<\/h4>\n                                            <div class=\"text\"><\/div>\n                                            <div class=\"link\">\n                                                <a href=\"\" class=\"readmore-link\"><span><i class=\"flaticon-up-arrow\"><\/i>Lire plus<\/span><\/a>\n                                            <\/div>\n                                        <\/div>\n                                    <\/div>\n                                <\/div>\n                                \n                            <\/div>\n                        <\/div>\n                                                <div class=\"service-block-two\">\n                            <div class=\"inner-box\">\n                                \n\t\t\t\t\t\t\t\t<div class=\"row clearfix\">\n                                    <div class=\"col-xl-5 col-md-12 col-sm-12 col-sm-12\">\n                                        <div class=\"image-box\" style=\"background-image:url( http:\/\/www.douanes.cm\/douanes-cameroun\/wp-content\/uploads\/2022\/08\/DGD-13-3.jpg );\">\n                                            <div class=\"icon\"><img src=\"\" alt=\"\"><\/div>\n                                        <\/div>\n                                    <\/div>\n                                    <div class=\"col-xl-7 col-md-12 col-sm-12 col-sm-12\">\n                                        <div class=\"content\">\n                                            <h4>JID 2022 Division Informatique<\/h4>\n                                            <div class=\"text\"><\/div>\n                                            <div class=\"link\">\n                                                <a href=\"\/douanes-cameroun\/?p=6190\" class=\"readmore-link\"><span><i class=\"flaticon-up-arrow\"><\/i>Lire plus<\/span><\/a>\n                                            <\/div>\n                                        <\/div>\n                                    <\/div>\n                                <\/div>\n                                \n                            <\/div>\n                        <\/div>\n                                                <div class=\"service-block-two\">\n                            <div class=\"inner-box\">\n                                \n\t\t\t\t\t\t\t\t<div class=\"row clearfix\">\n                                    <div class=\"col-xl-5 col-md-12 col-sm-12 col-sm-12\">\n                                        <div class=\"image-box\" style=\"background-image:url( http:\/\/www.douanes.cm\/douanes-cameroun\/wp-content\/uploads\/2022\/08\/Nexus-13-1.jpg );\">\n                                            <div class=\"icon\"><img src=\"\" alt=\"\"><\/div>\n                                        <\/div>\n                                    <\/div>\n                                    <div class=\"col-xl-7 col-md-12 col-sm-12 col-sm-12\">\n                                        <div class=\"content\">\n                                            <h4>Nexus+pour la facilitation et la s\u00e9curisation du Transit<\/h4>\n                                            <div class=\"text\"><\/div>\n                                            <div class=\"link\">\n                                                <a href=\"\" class=\"readmore-link\"><span><i class=\"flaticon-up-arrow\"><\/i>Lire plus<\/span><\/a>\n                                            <\/div>\n                                        <\/div>\n                                    <\/div>\n                                <\/div>\n                                \n                            <\/div>\n                        <\/div>\n                                                <div class=\"service-block-two\">\n                            <div class=\"inner-box\">\n                                \n\t\t\t\t\t\t\t\t<div class=\"row clearfix\">\n                                    <div class=\"col-xl-5 col-md-12 col-sm-12 col-sm-12\">\n                                        <div class=\"image-box\" style=\"background-image:url( http:\/\/www.douanes.cm\/douanes-cameroun\/wp-content\/uploads\/2022\/09\/Pub-DGD-05.jpg );\">\n                                            <div class=\"icon\"><img src=\"\" alt=\"\"><\/div>\n                                        <\/div>\n                                    <\/div>\n                                    <div class=\"col-xl-7 col-md-12 col-sm-12 col-sm-12\">\n                                        <div class=\"content\">\n                                            <h4>Proc\u00e9dure de d\u00e9douanement<\/h4>\n                                            <div class=\"text\"><\/div>\n                                            <div class=\"link\">\n                                                <a href=\"http:\/\/192.168.0.157\/douanes-cameroun\/?p=6205\" class=\"readmore-link\"><span><i class=\"flaticon-up-arrow\"><\/i>Lire plus<\/span><\/a>\n                                            <\/div>\n                                        <\/div>\n                                    <\/div>\n                                <\/div>\n                                \n                            <\/div>\n                        <\/div>\n                                            <\/div>\n                <\/div>            \n            <\/div>\n        <\/section>\n        \n        \t\t<\/div>\n\t\t\t\t<\/div>\n\t\t\t\t<div class=\"elementor-element elementor-element-12e282e elementor-widget elementor-widget-transida_our_services_v4\" data-id=\"12e282e\" data-element_type=\"widget\" data-widget_type=\"transida_our_services_v4.default\">\n\t\t\t\t<div class=\"elementor-widget-container\">\n\t\t\t\t \t\n        <!-- Services Section three -->\n        <section class=\"services-section-three\">\n            <div class=\"sec-bg\" style=\"background-image: url(http:\/\/www.douanes.cm\/douanes-cameroun\/wp-content\/uploads\/2020\/11\/bg-16.jpg);\"><\/div>\n            <div class=\"auto-container\">\n                <div class=\"sec-title text-center light\">\n                    <div class=\"sub-title\">Lettre d'information<\/div>\n                    <h2>Lettre d'information<\/h2>\n                <\/div>\n                <div class=\"row\">\n                    <div class=\"theme_carousel owl-theme owl-carousel\" data-options='{\"loop\": true, \"center\": false, \"margin\": 0, \"autoheight\":true, \"lazyload\":true, \"nav\": true, \"dots\": true, \"autoplay\": true, \"autoplayTimeout\": 6000, \"smartSpeed\": 1000, \"responsive\":{ \"0\" :{ \"items\": \"1\" }, \"600\" :{ \"items\" : \"1\" }, \"768\" :{ \"items\" : \"2\" } , \"992\":{ \"items\" : \"3\" }, \"1200\":{ \"items\" : \"3\" }}}'>\n                                                <div class=\"service-block-three\">\n                            <div class=\"inner-box\">\n                                <div class=\"image-box\">\n                                    <img width=\"350\" height=\"300\" src=\"http:\/\/www.douanes.cm\/douanes-cameroun\/wp-content\/uploads\/2022\/08\/Nl-DGD-01-350x300.jpg\" class=\"attachment-transida_370x300 size-transida_370x300 wp-post-image\" alt=\"\" loading=\"lazy\" \/>                                    <div class=\"content\">\n                                        <div class=\"icon\"><span class=\"fa fa-archive\"><\/span><\/div>\n                                        <div>\n                                            <div class=\"link\">\n                                                <a href=\"\/douanes-cameroun\/?p=6355\">Lire plus<\/a>\n                                                <a href=\"\/douanes-cameroun\/?p=6355\" class=\"hover-link\"><i class=\"flaticon-right-arrow-3\"><\/i>\n\t\t\t\t\t\t\t\t\t\t\t\tLire plus<\/a>\n                                            <\/div>                                       \n                                            <h4>Customs newsletter N\u00b0414<\/h4>\n                                        <\/div>            \n                                    <\/div>\n                                <\/div>\n                            <\/div>\n                        <\/div>\n                                                <div class=\"service-block-three\">\n                            <div class=\"inner-box\">\n                                <div class=\"image-box\">\n                                    <img width=\"350\" height=\"300\" src=\"http:\/\/www.douanes.cm\/douanes-cameroun\/wp-content\/uploads\/2022\/08\/Nl-DGD-02-350x300.jpg\" class=\"attachment-transida_370x300 size-transida_370x300 wp-post-image\" alt=\"\" loading=\"lazy\" \/>                                    <div class=\"content\">\n                                        <div class=\"icon\"><span class=\"fa fa-archive\"><\/span><\/div>\n                                        <div>\n                                            <div class=\"link\">\n                                                <a href=\"\/douanes-cameroun\/?p=6352\">Lire plus<\/a>\n                                                <a href=\"\/douanes-cameroun\/?p=6352\" class=\"hover-link\"><i class=\"flaticon-right-arrow-3\"><\/i>\n\t\t\t\t\t\t\t\t\t\t\t\tLire plus<\/a>\n                                            <\/div>                                       \n                                            <h4>Customs newsletter N\u00b0415<\/h4>\n                                        <\/div>            \n                                    <\/div>\n                                <\/div>\n                            <\/div>\n                        <\/div>\n                                                <div class=\"service-block-three\">\n                            <div class=\"inner-box\">\n                                <div class=\"image-box\">\n                                    <img width=\"350\" height=\"300\" src=\"http:\/\/www.douanes.cm\/douanes-cameroun\/wp-content\/uploads\/2022\/08\/Nl-DGD-03-350x300.jpg\" class=\"attachment-transida_370x300 size-transida_370x300 wp-post-image\" alt=\"\" loading=\"lazy\" \/>                                    <div class=\"content\">\n                                        <div class=\"icon\"><span class=\"fa fa-archive\"><\/span><\/div>\n                                        <div>\n                                            <div class=\"link\">\n                                                <a href=\"\/douanes-cameroun\/?p=6349\">Lire plus<\/a>\n                                                <a href=\"\/douanes-cameroun\/?p=6349\" class=\"hover-link\"><i class=\"flaticon-right-arrow-3\"><\/i>\n\t\t\t\t\t\t\t\t\t\t\t\tLire plus<\/a>\n                                            <\/div>                                       \n                                            <h4>Customs newsletter N\u00b0416<\/h4>\n                                        <\/div>            \n                                    <\/div>\n                                <\/div>\n                            <\/div>\n                        <\/div>\n                                                <div class=\"service-block-three\">\n                            <div class=\"inner-box\">\n                                <div class=\"image-box\">\n                                    <img width=\"350\" height=\"300\" src=\"http:\/\/www.douanes.cm\/douanes-cameroun\/wp-content\/uploads\/2022\/10\/350-pixels-par-435-350x300.jpg\" class=\"attachment-transida_370x300 size-transida_370x300 wp-post-image\" alt=\"\" loading=\"lazy\" \/>                                    <div class=\"content\">\n                                        <div class=\"icon\"><span class=\"fa fa-acorn\"><\/span><\/div>\n                                        <div>\n                                            <div class=\"link\">\n                                                <a href=\"\/douanes-cameroun\/?p=6919\">Lire plus<\/a>\n                                                <a href=\"\/douanes-cameroun\/?p=6919\" class=\"hover-link\"><i class=\"flaticon-right-arrow-3\"><\/i>\n\t\t\t\t\t\t\t\t\t\t\t\tLire plus<\/a>\n                                            <\/div>                                       \n                                            <h4>Customs newsletter N\u00b0435<\/h4>\n                                        <\/div>            \n                                    <\/div>\n                                <\/div>\n                            <\/div>\n                        <\/div>\n                                                <div class=\"service-block-three\">\n                            <div class=\"inner-box\">\n                                <div class=\"image-box\">\n                                    <img width=\"350\" height=\"300\" src=\"http:\/\/www.douanes.cm\/douanes-cameroun\/wp-content\/uploads\/2022\/10\/Newsletter436-DGD-350x300.jpg\" class=\"attachment-transida_370x300 size-transida_370x300 wp-post-image\" alt=\"\" loading=\"lazy\" \/>                                    <div class=\"content\">\n                                        <div class=\"icon\"><span class=\"fa fa-acorn\"><\/span><\/div>\n                                        <div>\n                                            <div class=\"link\">\n                                                <a href=\"\/douanes-cameroun\/?p=6921\">Lire plus<\/a>\n                                                <a href=\"\/douanes-cameroun\/?p=6921\" class=\"hover-link\"><i class=\"flaticon-right-arrow-3\"><\/i>\n\t\t\t\t\t\t\t\t\t\t\t\tLire plus<\/a>\n                                            <\/div>                                       \n                                            <h4>Customs newsletter N\u00b0436<\/h4>\n                                        <\/div>            \n                                    <\/div>\n                                <\/div>\n                            <\/div>\n                        <\/div>\n                                                <div class=\"service-block-three\">\n                            <div class=\"inner-box\">\n                                <div class=\"image-box\">\n                                    <img width=\"350\" height=\"300\" src=\"http:\/\/www.douanes.cm\/douanes-cameroun\/wp-content\/uploads\/2022\/10\/DGD-NEWSLETTER-437-350x300.jpg\" class=\"attachment-transida_370x300 size-transida_370x300 wp-post-image\" alt=\"\" loading=\"lazy\" \/>                                    <div class=\"content\">\n                                        <div class=\"icon\"><span class=\"fa fa-acorn\"><\/span><\/div>\n                                        <div>\n                                            <div class=\"link\">\n                                                <a href=\"\/douanes-cameroun\/?p=6949\">Lire plus<\/a>\n                                                <a href=\"\/douanes-cameroun\/?p=6949\" class=\"hover-link\"><i class=\"flaticon-right-arrow-3\"><\/i>\n\t\t\t\t\t\t\t\t\t\t\t\tLire plus<\/a>\n                                            <\/div>                                       \n                                            <h4>Customs newsletter N\u00b0437<\/h4>\n                                        <\/div>            \n                                    <\/div>\n                                <\/div>\n                            <\/div>\n                        <\/div>\n                                                <div class=\"service-block-three\">\n                            <div class=\"inner-box\">\n                                <div class=\"image-box\">\n                                    <img width=\"350\" height=\"300\" src=\"http:\/\/www.douanes.cm\/douanes-cameroun\/wp-content\/uploads\/2022\/10\/Newsletter438-DGD-350x300.png\" class=\"attachment-transida_370x300 size-transida_370x300 wp-post-image\" alt=\"\" loading=\"lazy\" \/>                                    <div class=\"content\">\n                                        <div class=\"icon\"><span class=\"fa fa-acorn\"><\/span><\/div>\n                                        <div>\n                                            <div class=\"link\">\n                                                <a href=\"\/douanes-cameroun\/?p=6954\">Lire plus<\/a>\n                                                <a href=\"\/douanes-cameroun\/?p=6954\" class=\"hover-link\"><i class=\"flaticon-right-arrow-3\"><\/i>\n\t\t\t\t\t\t\t\t\t\t\t\tLire plus<\/a>\n                                            <\/div>                                       \n                                            <h4>Customs newsletter N\u00b0438<\/h4>\n                                        <\/div>            \n                                    <\/div>\n                                <\/div>\n                            <\/div>\n                        <\/div>\n                                                <div class=\"service-block-three\">\n                            <div class=\"inner-box\">\n                                <div class=\"image-box\">\n                                    <img width=\"350\" height=\"300\" src=\"http:\/\/www.douanes.cm\/douanes-cameroun\/wp-content\/uploads\/2023\/01\/NL-DGD-350x300.jpg\" class=\"attachment-transida_370x300 size-transida_370x300 wp-post-image\" alt=\"\" loading=\"lazy\" \/>                                    <div class=\"content\">\n                                        <div class=\"icon\"><span class=\"fa fa-acorn\"><\/span><\/div>\n                                        <div>\n                                            <div class=\"link\">\n                                                <a href=\"\/douanes-cameroun\/7230\/customs-newsletter-n455\/\">Lire plus<\/a>\n                                                <a href=\"\/douanes-cameroun\/7230\/customs-newsletter-n455\/\" class=\"hover-link\"><i class=\"flaticon-right-arrow-3\"><\/i>\n\t\t\t\t\t\t\t\t\t\t\t\tLire plus<\/a>\n                                            <\/div>                                       \n                                            <h4>Customs newsletter N\u00b0455<\/h4>\n                                        <\/div>            \n                                    <\/div>\n                                <\/div>\n                            <\/div>\n                        <\/div>\n                                            <\/div>\n                <\/div>\n            <\/div>\n        <\/section>\n        \n        \t\t<\/div>\n\t\t\t\t<\/div>\n\t\t\t\t\t<\/div>\n\t\t<\/div>\n\t\t\t\t\t\t\t<\/div>\n\t\t<\/section>\n\t\t\t\t\t\t\t<\/div>\n\t\t","protected":false},"excerpt":{"rendered":"<p>Administration des Douanes vers une utilisation accrue des donn\u00e9es Read More JID 2022 Division Informatique Read More Nexus+pour la facilitation et la s\u00e9curisation du Transit Read More Proc\u00e9dure de d\u00e9douanement Read More Lettre d&#8217;information Lettre d&#8217;information Read more Read more Customs newsletter N\u00b0414 Read more Read more Customs newsletter N\u00b0415 Read more Read more Customs [&hellip;]<\/p>\n","protected":false},"author":1,"featured_media":0,"parent":0,"menu_order":0,"comment_status":"closed","ping_status":"closed","template":"tpl-default-elementor.php","meta":[],"_links":{"self":[{"href":"http:\/\/www.douanes.cm\/douanes-cameroun\/wp-json\/wp\/v2\/pages\/4691"}],"collection":[{"href":"http:\/\/www.douanes.cm\/douanes-cameroun\/wp-json\/wp\/v2\/pages"}],"about":[{"href":"http:\/\/www.douanes.cm\/douanes-cameroun\/wp-json\/wp\/v2\/types\/page"}],"author":[{"embeddable":true,"href":"http:\/\/www.douanes.cm\/douanes-cameroun\/wp-json\/wp\/v2\/users\/1"}],"replies":[{"embeddable":true,"href":"http:\/\/www.douanes.cm\/douanes-cameroun\/wp-json\/wp\/v2\/comments?post=4691"}],"version-history":[{"count":8,"href":"http:\/\/www.douanes.cm\/douanes-cameroun\/wp-json\/wp\/v2\/pages\/4691\/revisions"}],"predecessor-version":[{"id":6971,"href":"http:\/\/www.douanes.cm\/douanes-cameroun\/wp-json\/wp\/v2\/pages\/4691\/revisions\/6971"}],"wp:attachment":[{"href":"http:\/\/www.douanes.cm\/douanes-cameroun\/wp-json\/wp\/v2\/media?parent=4691"}],"curies":[{"name":"wp","href":"https:\/\/api.w.org\/{rel}","templated":true}]}}