{"id":2392,"date":"2022-08-16T09:50:24","date_gmt":"2022-08-16T09:50:24","guid":{"rendered":"http:\/\/localhost\/douanes-cameroun\/?page_id=2392"},"modified":"2022-10-10T16:03:12","modified_gmt":"2022-10-10T16:03:12","slug":"nos-missions-2","status":"publish","type":"page","link":"http:\/\/www.douanes.cm\/douanes-cameroun\/nos-missions-2\/","title":{"rendered":"Nos missions"},"content":{"rendered":"\t\t<div data-elementor-type=\"wp-page\" data-elementor-id=\"2392\" class=\"elementor elementor-2392\">\n\t\t\t\t\t\t\t\t\t<section class=\"elementor-section elementor-top-section elementor-element elementor-element-f970eaa elementor-section-boxed elementor-section-height-default elementor-section-height-default wpr-particle-no wpr-jarallax-no wpr-parallax-no wpr-sticky-section-no\" data-id=\"f970eaa\" data-element_type=\"section\">\n\t\t\t\t\t\t<div class=\"elementor-container elementor-column-gap-default\">\n\t\t\t\t\t<div class=\"elementor-column elementor-col-100 elementor-top-column elementor-element elementor-element-4b56686\" data-id=\"4b56686\" data-element_type=\"column\">\n\t\t\t<div class=\"elementor-widget-wrap elementor-element-populated\">\n\t\t\t\t\t\t\t\t<div class=\"elementor-element elementor-element-26cc918 elementor-widget elementor-widget-transida_our_mission\" data-id=\"26cc918\" data-element_type=\"widget\" data-widget_type=\"transida_our_mission.default\">\n\t\t\t\t<div class=\"elementor-widget-container\">\n\t\t\t        \n        <!-- Statement -->\n        <section class=\"statement-section pt-0\">\n            <div class=\"auto-container\">\n                <div class=\"row\">\n                                        <div class=\"col-lg-6\">\n                        <div class=\"image\"><img src=\"http:\/\/www.douanes.cm\/douanes-cameroun\/wp-content\/uploads\/2022\/08\/Nos_Missions.jpg\" alt=\"Awesome Image\"><\/div>\n                    <\/div>\n                                        <div class=\"col-lg-6\">\n                        <div class=\"content\">  \n                                                        <!-- Tab panes -->\n                            <div class=\"tab-content wow fadeInUp\" data-wow-delay=\"200ms\" data-wow-duration=\"1200ms\">\n                                                                <div class=\"tab-pane fadeInUp animated active\" id=\"tab-one1\" role=\"tabpanel\" aria-labelledby=\"tab-one\">\n                                    <div class=\"text-block\">\n                                        <div class=\"sec-title mb-30\">\n                                            <div class=\"sub-title\">Nos missions<\/div>                                            <h2>La mission fiscale<\/h2>\n                                        <\/div>\n                                        <div class=\"text\"><p>Il s\u2019agit pour l\u2019Administration des Douanes de proc\u00e9der \u00e0 la d\u00e9termination, la liquidation et le recouvrement juste et \u00e9quitable des droits et taxes de douane exigibles ainsi que tout autre pr\u00e9l\u00e8vement pr\u00e9vu par la r\u00e9glementation en vigueur, la mise en place des mesures en vue de la maitrise de la d\u00e9pense fiscale, l\u2019optimisation de la collecte des recettes nouvelles.<\/p>\n<\/div>\n                                    <\/div>\n                                <\/div>\n                                                                <div class=\"tab-pane fadeInUp animated \" id=\"tab-one2\" role=\"tabpanel\" aria-labelledby=\"tab-one\">\n                                    <div class=\"text-block\">\n                                        <div class=\"sec-title mb-30\">\n                                            <div class=\"sub-title\">Nos missions<\/div>                                            <h2>La mission \u00e9conomique<\/h2>\n                                        <\/div>\n                                        <div class=\"text\"><p>L\u2019Administration des Douanes joue un r\u00f4le cl\u00e9 dans la mise en \u0153uvre de la politique \u00e9conomique nationale. Elle est notamment charg\u00e9e de la protection de l\u2019espace \u00e9conomique national et de l\u2019am\u00e9lioration de la comp\u00e9titivit\u00e9 de l\u2019\u00e9conomie. De ce fait, elle participe \u00e0 :<\/p>\n\n<ul class=\"list\">\n    <li>la facilitation des \u00e9changes ;<\/li>\n\n<li>la mise en \u0153uvre des r\u00e9gimes \u00e9conomiques ;<\/li>\n\n<li>la lutte contre la fraude, la contrebande, la contrefa\u00e7on et le commerce illicite ;<\/li>\n\n<li>la production des statistiques du commerce ext\u00e9rieur.<\/li><\/ul><\/div>\n                                    <\/div>\n                                <\/div>\n                                                                <div class=\"tab-pane fadeInUp animated \" id=\"tab-one3\" role=\"tabpanel\" aria-labelledby=\"tab-one\">\n                                    <div class=\"text-block\">\n                                        <div class=\"sec-title mb-30\">\n                                            <div class=\"sub-title\">Nos missions<\/div>                                            <h2>La mission de protection de la soci\u00e9t\u00e9<\/h2>\n                                        <\/div>\n                                        <div class=\"text\"><p>De par sa position aux fronti\u00e8res terrestres, maritimes et a\u00e9riennes, l\u2019Administration des Douanes participe \u00e0 la protection de l\u2019espace \u00e9conomique contre les flux n\u00e9fastes \u00e0 l\u2019environnement et \u00e0 la sant\u00e9 des citoyens. Cette mission s\u2019exerce \u00e0 travers les contr\u00f4les effectu\u00e9s par les Unit\u00e9s des Douanes pr\u00e9sentes dans lesdites fronti\u00e8res. De mani\u00e8re sp\u00e9cifique, Il s\u2019agit de :<\/p>\n\n<ul>\n    <li>La lutte contre le trafic des esp\u00e8ces prot\u00e9g\u00e9es, des m\u00e9dicaments contrefaits, des produits psychotropes et d\u2019autres produits dangereux ;<\/li>\n\n<li>La lutte contre le trafic des d\u00e9chets toxiques et autres produits nocifs \u00e0 l\u2019environnement et \u00e0 la sant\u00e9 publique.<\/li><\/ul>\n<\/div>\n                                    <\/div>\n                                <\/div>\n                                                                <div class=\"tab-pane fadeInUp animated \" id=\"tab-one4\" role=\"tabpanel\" aria-labelledby=\"tab-one\">\n                                    <div class=\"text-block\">\n                                        <div class=\"sec-title mb-30\">\n                                            <div class=\"sub-title\">Nos missions<\/div>                                            <h2>La mission de s\u00e9curit\u00e9<\/h2>\n                                        <\/div>\n                                        <div class=\"text\"><p>Au regard du contexte s\u00e9curitaire national et international marqu\u00e9 par la r\u00e9surgence des conflits et du terrorisme, l\u2019Administration des Douanes est appel\u00e9e \u00e0 apporter sa contribution dans le contr\u00f4le \u00e0 la circulation de certains produits utilis\u00e9s dans les conflits. Il s\u2019agit notamment de :<\/p>\n\n<ul class=\"list\">\n<li> la lutte contre la criminalit\u00e9 transfrontali\u00e8re organis\u00e9e ;<\/li>\n\n<li>la lutte contre le terrorisme et le trafic des Engins Explosifs Improvis\u00e9s ;<\/li>\n\n<li>la lutte contre la criminalit\u00e9 financi\u00e8re et le blanchiment des capitaux ;<\/li>\n\n<li>la lutte contre la prolif\u00e9ration des armes l\u00e9g\u00e8res et de petits calibres (ALPC) et leurs munitions;<\/li>\n\n<li>la lutte contre le trafic illicite des marchandises \u00e0 double usage.<\/li><\/ul><\/div>\n                                    <\/div>\n                                <\/div>\n                                                            <\/div>\n                            <ul class=\"nav nav-tabs tab-btn-style-one\" role=\"tablist\">\n                                                                <li class=\"nav-item\">\n                                    <a class=\"nav-link active\" id=\"tab-one-area\" data-toggle=\"tab\" href=\"#tab-one1\" role=\"tab\" aria-controls=\"price-tab-one\" aria-selected=\"true\">\n                                        <h4><i class=\"flaticon-up-arrow\"><\/i>Fiscale<\/h4>\n                                    <\/a>\n                                <\/li>\n                                                                <li class=\"nav-item\">\n                                    <a class=\"nav-link \" id=\"tab-one-area\" data-toggle=\"tab\" href=\"#tab-one2\" role=\"tab\" aria-controls=\"price-tab-one\" aria-selected=\"true\">\n                                        <h4><i class=\"flaticon-up-arrow\"><\/i>Economique<\/h4>\n                                    <\/a>\n                                <\/li>\n                                                                <li class=\"nav-item\">\n                                    <a class=\"nav-link \" id=\"tab-one-area\" data-toggle=\"tab\" href=\"#tab-one3\" role=\"tab\" aria-controls=\"price-tab-one\" aria-selected=\"true\">\n                                        <h4><i class=\"flaticon-up-arrow\"><\/i>Protection<\/h4>\n                                    <\/a>\n                                <\/li>\n                                                                <li class=\"nav-item\">\n                                    <a class=\"nav-link \" id=\"tab-one-area\" data-toggle=\"tab\" href=\"#tab-one4\" role=\"tab\" aria-controls=\"price-tab-one\" aria-selected=\"true\">\n                                        <h4><i class=\"flaticon-up-arrow\"><\/i>S\u00e9curit\u00e9<\/h4>\n                                    <\/a>\n                                <\/li>\n                                                            <\/ul>                        \n                        <\/div>\n                    <\/div>\n                <\/div>\n            <\/div>\n        <\/section>\n           \n\t\t\t\t<\/div>\n\t\t\t\t<\/div>\n\t\t\t\t\t<\/div>\n\t\t<\/div>\n\t\t\t\t\t\t\t<\/div>\n\t\t<\/section>\n\t\t\t\t\t\t\t<\/div>\n\t\t","protected":false},"excerpt":{"rendered":"<p>Nos missions La mission fiscale Il s\u2019agit pour l\u2019Administration des Douanes de proc\u00e9der \u00e0 la d\u00e9termination, la liquidation et le recouvrement juste et \u00e9quitable des droits et taxes de douane exigibles ainsi que tout autre pr\u00e9l\u00e8vement pr\u00e9vu par la r\u00e9glementation en vigueur, la mise en place des mesures en vue de la maitrise de la [&hellip;]<\/p>\n","protected":false},"author":1,"featured_media":0,"parent":0,"menu_order":0,"comment_status":"closed","ping_status":"closed","template":"","meta":[],"_links":{"self":[{"href":"http:\/\/www.douanes.cm\/douanes-cameroun\/wp-json\/wp\/v2\/pages\/2392"}],"collection":[{"href":"http:\/\/www.douanes.cm\/douanes-cameroun\/wp-json\/wp\/v2\/pages"}],"about":[{"href":"http:\/\/www.douanes.cm\/douanes-cameroun\/wp-json\/wp\/v2\/types\/page"}],"author":[{"embeddable":true,"href":"http:\/\/www.douanes.cm\/douanes-cameroun\/wp-json\/wp\/v2\/users\/1"}],"replies":[{"embeddable":true,"href":"http:\/\/www.douanes.cm\/douanes-cameroun\/wp-json\/wp\/v2\/comments?post=2392"}],"version-history":[{"count":28,"href":"http:\/\/www.douanes.cm\/douanes-cameroun\/wp-json\/wp\/v2\/pages\/2392\/revisions"}],"predecessor-version":[{"id":6665,"href":"http:\/\/www.douanes.cm\/douanes-cameroun\/wp-json\/wp\/v2\/pages\/2392\/revisions\/6665"}],"wp:attachment":[{"href":"http:\/\/www.douanes.cm\/douanes-cameroun\/wp-json\/wp\/v2\/media?parent=2392"}],"curies":[{"name":"wp","href":"https:\/\/api.w.org\/{rel}","templated":true}]}}